?
6
What is the ten thousands digit of 11264500?
6
What is the tens digit of 25013552?
5
What is the ten millions digit of 31268974?
3
What is the hundred thousands digit of 35827617?
8
What is the thousands digit of 4612463?
2
What is the ten thousands digit of 11028512?
2
What is the hundred thousands digit of 103470?
1
What is the units digit of 104132?
2
What is the hundred thousands digit of 316266?
3
What is the hundreds digit of 23114676?
6
What is the thousands digit of 275440?
5
What is the units digit of 731702?
2
What is the tens digit of 7085123?
2
What is the units digit of 21600785?
5
What is the units digit of 231102?
2
What is the tens digit of 219339?
3
What is the units digit of 1449466?
6
What is the thousands digit of 304446?
4
What is the tens digit of 359041?
4
What is the hundred thousands digit of 13176379?
1
What is the hundreds digit of 402599?
5
What is the units digit of 2906414?
4
What is the hundred thousands digit of 4274849?
2
What is the tens digit of 11255179?
7
What is the thousands digit of 185193?
5
What is the ten thousands digit of 2095485?
9
What is the thousands digit of 296491?
6
What is the units digit of 196331?
1
What is the ten thousands digit of 64966?
6
What is the hundred thousands digit of 8679049?
6
What is the thousands digit of 896460?
6
What is the hundreds digit of 2215188?
1
What is the tens digit of 2186648?
4
What is the hundred thousands digit of 208600?
2
What is the tens digit of 12278185?
8
What is the units digit of 2896735?
5
What is the ten thousands digit of 13712691?
1
What is the hundreds digit of 2376495?
4
What is the hundred thousands digit of 189764?
1
What is the units digit of 7794939?
9
What is the thousands digit of 167381?
7
What is the tens digit of 6714813?
1
What is the hundreds digit of 527691?
6
What is the thousands digit of 100570?
0
What is the hundreds digit of 673748?
7
What is the units digit of 4985221?
1
What is the ten thousands digit of 5033314?
3
What is the hundred thousands digit of 2102785?
1
What is the hundred thousands digit of 190408?
1
What is the millions digit of 40175960?
0
What is the units digit of 36573?
3
What is the tens digit of 6525030?
3
What is the thousands digit of 8644286?
4
What is the ten thousands digit of 24695784?
9
What is the thousands digit of 12542194?
2
What is the units digit of 490021?
1
What is the ten thousands digit of 28320?
2
What is the ten thousands digit of 258256?
5
What is the hundred thousands digit of 197153?
1
What is the thousands digit of 75976?
5
What is the units digit of 163619?
9
What is the thousands digit of 98371?
8
What is the hundreds digit of 13052472?
4
What is the thousands digit of 9724562?
4
What is the thousands digit of 180667?
0
What is the tens digit of 59271?
7
What is the tens digit of 672330?
3
What is the thousands digit of 19212?
9
What is the hundred thousands digit of 923957?
9
What is the hundred thousands digit of 328690?
3
What is the units digit of 10395483?
3
What is the tens digit of 14529422?
2
What is the units digit of 27498?
8
What is the hundreds digit of 476627?
6
What is the hundreds digit of 505231?
2
What is the ten thousands digit of 126923?
2
What is the tens digit of 2389202?
0
What is the tens digit of 14849640?
4
What is the ten thousands digit of 318406?
1
What is the hundreds digit of 19641092?
0
What is the hundreds digit of 6849539?
5
What is the ten thousands digit of 313211?
1
What is the hundred thousands digit of 12966752?
9
What is the tens digit of 791926?
2
What is the units digit of 54251?
1
What is the units digit of 6807?
7
What is the hundreds digit of 741315?
3
What is the units digit of 682774?
4
What is the ten millions digit of 22024299?
2
What is the tens digit of 287320?
2
What is the ten thousands digit of 850621?
5
What is the tens digit of 3387999?
9
What is the hundreds digit of 11710601?
6
What is the tens digit of 11446079?
7
What is the tens digit of 15432973?
7
What is the hundreds digit of 4195368?
3
What is the millions digit of 1480087?
1
What is the ten thousands digit of 1443102?
4
What is the units digit of 2384796?
6
What is the hundreds digit of 1376168?
1
What is the hundreds digit of 866343?
3
What is the hundreds digit of 2565817?
8
What is the units digit of 847091?
1
What is the tens digit of 9007331?
3
What is the hundred thousands digit of 2227983?
2
What is the hundreds digit of 1777806?
8
What is the ten thousands digit of 58872?
5
What is the hundreds digit of 594327?
3
What is the tens digit of 23929492?
9
What is the tens digit of 18100106?
0
What is the ten thousands digit of 116448?
1
What is the hundreds digit of 321488?
4
What is the millions digit of 9257902?
9
What is the tens digit of 1963891?
9
What is the hundreds digit of 382075?
0
What is the hundreds digit of 324525?
5
What is the units digit of 525617?
7
What is the hundred thousands digit of 329872?
3
What is the thousands digit of 488038?
8
What is the thousands digit of 1815079?
5
What is the millions digit of 11577597?
1
What is the hundred thousands digit of 1119574?
1
What is the hundreds digit of 217412?
4
What is the tens digit of 1726071?
7
What is the ten thousands digit of 657583?
5
What is the hundreds digit of 8499241?
2
What is the tens digit of 268868?
6
What is the thousands digit of 27833195?
3
What is the tens digit of 260789?
8
What is the millions digit of 22711170?
2
What is the thousands digit of 58563?
8
What is the units digit of 127840?
0
What is the ten millions digit of 22489474?
2
What is the hundred thousands digit of 122014?
1
What is the hundreds digit of 16724273?
2
What is the thousands digit of 622729?
2
What is the hundred thousands digit of 15697050?
6
What is the units digit of 383872?
2
What is the thousands digit of 377219?
7
What is the units digit of 144152?
2
What is the ten thousands digit of 566511?
6
What is the millions digit of 1520791?
1
What is the units digit of 15216?
6
What is the thousands digit of 6711399?
1
What is the thousands digit of 58615?
8
What is the units digit of 510264?
4
What is the thousands digit of 21343928?
3
What is the millions digit of 9833511?
9
What is the units digit of 23171205?
5
What is the hundreds digit of 15522282?
2
What is the thousands digit of 9439695?
9
What is the hundred thousands digit of 26188060?
1
What is the ten thousands digit of 409128?
0
What is the hundreds digit of 1093903?
9
What is the tens digit of 1849695?
9
What is the ten thousands digit of 173772?
7
What is the ten thousands digit of 1626046?
2
What is the ten thousands digit of 341659?
4
What is the thousands digit of 400153?
0
What is the thousands digit of 532471?
2
What is the thousands digit of 1250284?
0
What is the hundred thousands digit of 7275395?
2
What is the tens digit of 192844?
4
What is the ten thousands digit of 155420?
5
What is the millions digit of 25067468?
5
What is the hundreds digit of 145239?
2
What is the tens digit of 5796585?
8
What is the tens digit of 288321?
2
What is the hundreds digit of 193892?
8
What is the thousands digit of 867975?
7
What is the hundred thousands digit of 257838?
2
What is the ten millions digit of 15325614?
1
What is the hundred thousands digit of 1529760?
5
What is the units digit of 643823?
3
What is the thousands digit of 472586?
2
What is the units digit of 43046349?
9
What is the hundred thousands digit of 345713?
3
What is the hundreds digit of 905319?
3
What is the units digit of 311675?
5
What is the thousands digit of 261085?
1
What is the thousands digit of 374892?
4
What is the hundreds digit of 195964?
9
What is the hundred thousands digit of 2668001?
6
What is the thousands digit of 865000?
5
What is the hundreds digit of 308521?
5
What is the ten thousands digit of 311943?
1
What is the tens digit of 7117871?
7
What is the thousands digit of 284871?
4
What is the millions digit of 4621023?
4
What is the ten thousands digit of 1114831?
1
What is the millions digit of 4529446?
4
What is the units digit of 20898316?
6
What is the thousands digit of 9239157?
9
What is the hundred thousands digit of 984360?
9
What is the ten thousands digit of 697780?
9
What is the tens digit of 344891?
9
What is the thousands digit of 241380